86. Let i be v(0). Calculate the greatest common divisor of 1591 and i.
43
Suppose -2*u - 130 = -b, -2*b + 5*u - 267 = -526. Calculate the highest common divisor of 252 and b.
12
Suppose 6*u = -26*u + 11282 + 4494. Calculate the highest common divisor of 377 and u.
29
Let d be -7*(-6)/7 + -6. Suppose -2*u - h + 0*h + 39 = d, 3*h + 45 = 3*u. What is the highest common factor of u and 9?
9
Suppose 9*z - 8 = 5*z. Suppose o = 2*w - 26 - 33, 0 = -z*w + 5*o + 39. Suppose -9*f + f = -w. Calculate the highest common factor of f and 12.
4
Let n = -1049 + 1353. Suppose 0*g = 2*g - 66. Suppose -g = -5*k + 157. Calculate the highest common factor of n and k.
38
Suppose -71*d = -617 - 235. Let u = 515 + -287. What is the highest common factor of d and u?
12
Suppose 5*d = 3*y + 314, 3*y - 250 - 76 = -5*d. Suppose 2*z = 2*x - 258, -116 - 25 = -x - 3*z. Let t = x - d. What is the greatest common factor of 51 and t?
17
Suppose -22*r + 16*r = 24. Let y be (5/(-5) + 4 - -17) + r. What is the greatest common divisor of 64 and y?
16
Let d be -11588 + (24/(-30) - (-32)/(-10)). Let s be (8/(-18))/(112/d). Calculate the greatest common divisor of s and 1426.
46
Let q = -258 - 164. Let r = 660 + q. What is the highest common factor of 14 and r?
14
Let y be (-10 + 1)*(9 - (-980)/21). Let d = y - -520. What is the highest common factor of 266 and d?
19
Let u = 26112 + -25966. Calculate the highest common factor of 2774 and u.
146
Suppose 5*q = 3*q + 54. Let j be (-9 - -12)*(104/8 + -12). What is the highest common divisor of q and j?
3
Suppose 85*o + 2904 = 151*o. What is the highest common divisor of o and 268?
4
Suppose -6*z + 60 = -240. Let d = -27 - 11. Let x = d + 63. What is the greatest common factor of z and x?
25
Let s = -6442 - -6834. Calculate the greatest common divisor of 1078 and s.
98
Suppose 3 = s - 2*s - 5*g, 5*s + 4*g = 6. Suppose 42 = a + z - s*z, 211 = 5*a - 4*z. Suppose 6 = 7*t - a. Calculate the greatest common factor of t and 56.
7
Let z(f) = 20*f + 2. Let r(o) = -o + 1. Let s(j) = 6*r(j) - z(j). Let k = -821 + 817. Let n be s(k). What is the highest common divisor of n and 12?
12
Let r = -483 - -475. Let q be (-42)/r*(-12)/(-9). What is the greatest common factor of q and 189?
7
Suppose 5*a = 3*o + 15297, -14*o - 12231 = -4*a - 5*o. What is the highest common divisor of a and 170?
170
Let n(c) = -62*c**2 + 4*c - 2. Let x be n(-2). Let p be (-48)/(-30)*5 - x. Calculate the highest common factor of 28 and p.
14
Let c(s) = -s**3 - 3*s**2 + 9*s + 14. Let r(g) = -g**3 + 4*g**2 + 9*g - 25. Let i be r(5). Let t be c(i). What is the highest common divisor of 304 and t?
19
Let y be (1 - -1)/((-1113)/280 + 4). Suppose 12 = 3*v - i, -4*v + 0*i + 4*i + 16 = 0. Suppose -v*n = -92 - 36. Calculate the greatest common divisor of n and y.
16
Suppose -208 = -7*w + 2. Suppose w*q = 6763 + 977. What is the greatest common divisor of q and 86?
86
Suppose 12*g - 426 = 15*g. Let j = -135 - g. Let s = 91 + -49. What is the greatest common divisor of s and j?
7
Suppose 1998 = -4*g + 115*g. Let a = 314 - -64. What is the greatest common divisor of g and a?
18
Let g(u) = -u**3 - 7*u**2 - 9*u - 18. Let o be g(-6). Suppose -5*q = -5*d + 510, o = d - 6*d + 3*q + 504. What is the greatest common factor of 9 and d?
9
Let t(v) = v**2 - 9*v - 18. Let r be t(11). Suppose 1 = -3*x + r*x. Let c be (-63)/(-18)*(x + 15). Calculate the highest common factor of 28 and c.
28
Suppose -2*d = -t + 7866 - 7750, 0 = -2*t - d + 212. Let l(b) = 18*b. Let h be l(3). What is the greatest common factor of h and t?
54
Suppose -56*m + 16449 = -5055. Calculate the highest common divisor of m and 176.
16
Suppose 4*t - 2*h = 3332, -2*t + 1616 = -3*h - 54. What is the highest common divisor of t and 312?
104
Let z be 3954/21 + (-12)/42. Suppose z - 1052 = -2*d. Let v be d/56 + 4/14. Calculate the greatest common factor of v and 8.
8
Let w(z) = 125*z - 1. Let o be w(1). Let c = 375296 + -374614. What is the greatest common divisor of o and c?
62
Let y = -250 + 299. Suppose -y*f = -54*f + 75. Calculate the highest common factor of f and 15.
15
Let y(j) = -3*j**2 + 99*j - 16. Let r be y(7). Let f = r + -509. What is the highest common factor of f and 903?
21
Suppose 53*v = 4*p + 55*v - 11060, -11054 = -4*p - 3*v. Calculate the greatest common factor of p and 144.
16
Let w be (-279)/(-27) - (-2)/3. Let h(l) = 3*l**3 - 8*l**2 - 96*l + 723. Let y be h(8). What is the greatest common factor of y and w?
11
Suppose 592 = 15*t + 22*t. Suppose -2*w + 224 = 5*j, 5*w + 13 = -4*j + 573. What is the greatest common divisor of t and w?
16
Let z = -15070 - -15075. What is the highest common factor of 7550 and z?
5
Let b be (-12 + 16)/((-2)/(-2)). Let u be 64630/92 - 2/b. What is the greatest common divisor of u and 26?
26
Let b = 170 - 167. Suppose -b*h = 12, -10*f + 5*h = -6*f - 3348. What is the greatest common factor of 52 and f?
52
Let t be (72/(-28))/((-52)/546). Suppose 5*a = -33 - 7. Let b = -5 - a. What is the highest common factor of b and t?
3
Let h(s) = -s**3 - 12*s**2 - 23*s - 36. Let m be h(-19). What is the highest common divisor of 336 and m?
48
Suppose -9 = 3*m, 58*m - 1058 = -h + 56*m. Calculate the highest common divisor of h and 84.
28
Let c be (46/(-4))/(1/(-2)). Let q be (-3)/(-5) - (-3)/(-3) - 28/(-20). What is the greatest common factor of q and c?
1
Let w = 6992 + -6867. What is the greatest common factor of 380 and w?
5
Suppose 84 = -268*k + 269*k - 2*b, -252 = -3*k - 2*b. What is the highest common divisor of 105 and k?
21
Suppose -2*b + 26 = 2*b - 2*k, -32 = -3*b - k. Suppose b*u - 4*t - 425 = 4*u, u + t - 76 = 0. Calculate the greatest common divisor of u and 108.
27
Let i = -1229 + 2309. Let p be ((-2)/4)/((-12)/i). Calculate the greatest common factor of 60 and p.
15
Suppose 0 = 3*b + 3*p + p - 15, -p = 0. Suppose 0 = b*d - 13 - 2. Let x be ((150/(-9))/(-5))/(2/d). What is the highest common divisor of 35 and x?
5
Let g be (1600/250)/((-1)/60). Let z be 1/((-8)/g) - 8. Calculate the greatest common factor of 920 and z.
40
Let t(k) = -4*k**2 + 10*k - 18. Let i be t(3). Let v be i/(-4) + -1 + 664/4. What is the greatest common divisor of v and 45?
9
Suppose 321*s = 310*s + 56760. Calculate the highest common factor of 360 and s.
120
Suppose 211852 = 416*j + 147*j - 141712. What is the greatest common divisor of 72 and j?
4
Let y(i) = -7*i + 4. Let s(t) = -1. Let v(b) = 5*s(b) + y(b). Let z be v(-2). Let x = z - -11. Calculate the greatest common divisor of x and 120.
24
Suppose 1785 = 5*o - 5*w, -5*o = -3*w + 132 - 1917. Calculate the highest common factor of 21 and o.
21
Let s(x) = -x**2 - 5*x + 2. Let b be s(-5). Suppose 63*a + 80 + 28 = 69*a. What is the greatest common divisor of b and a?
2
Let u = 26 + -51. Let g = 77 + u. Suppose 5*t + 129 = 4*j, -5*j + 3*t - 4*t = -125. Calculate the highest common factor of j and g.
26
Let b(k) = -k**3 - 51*k**2 - 62*k - 184. Let u be b(-50). Calculate the highest common divisor of 468 and u.
52
Let h = 74 + -71. Suppose 11*m = h*m + 176. Calculate the greatest common divisor of m and 374.
22
Suppose 102 = -10*y - 7*y. Let h be 59 + (-24)/(y + 0). Calculate the highest common factor of 21 and h.
21
Let n = -579 + 586. Suppose -n*a = -10*a + 2*h + 3, 0 = -4*a + 4*h. What is the highest common factor of a and 237?
3
Let o be (-219)/((-3)/(-12)*-6). Suppose q - o = -126. Calculate the greatest common factor of q and 32.
4
Let b = -580 + 1224. Let j = -440 + b. What is the greatest common divisor of 85 and j?
17
Suppose -6*l + 9*l - 468 = 0. Let g(n) = -n**3 - 12*n**2 + 11*n - 14. Let r be g(-13). Calculate the greatest common factor of l and r.
12
Suppose 5*h - 4*p = 95, 12*h - 17*h - 2*p = -125. Let t = -481 - -918. What is the highest common divisor of h and t?
23
Suppose 11254*s + 304 = 11292*s. Let l = -12 - -24. What is the highest common factor of s and l?
4
Suppose -7*q = -26*q + 912. Suppose q = -4*g + 68. What is the greatest common factor of g and 25?
5
Let n(p) = -3*p**2 - 12*p - 6. Let f be n(-4). Let d(s) = -8*s - 6. Let i be d(f). What is the highest common divisor of 12 and i?
6
Let y(r) = -r - 16. Let a be (-75)/(-20)*-2*(-12)/(-9). Let v be y(a). Let m be (-3)/v + 123/6. Calculate the greatest common factor of m and 7.
7
Suppose -10